emainder when o is divided by r?
2
Let k = 187 + -101. Suppose -49 = -5*o + k. Suppose -4*x = 4*l - 948, 145 = 2*l + 4*x - 319. Calculate the remainder when l is divided by o.
26
Suppose -2*l - 4*n + 88 = 0, -4*l + n = -n - 226. Let s(g) = -17*g**2 + 1162*g + 766. Calculate the remainder when l is divided by s(69).
5
Suppose 2*s = -2*c + 42, -3*s + 22*c - 24*c = -57. What is the remainder when 4124 is divided by s?
14
Let p = 2886 + -2864. What is the remainder when p is divided by 5?
2
Let b = 1976 - 1967. Calculate the remainder when 408 is divided by b.
3
Suppose -t = -3*t - 4*s + 12, 3*t = 3*s - 9. Let y = t + 14. Let x(h) = 5*h**2 + 63*h - 13. Calculate the remainder when y is divided by x(-13).
1
Suppose 20 = 2*k + 6. Let a(u) = -7 - 4*u - 1 - u - k. What is the remainder when 49 is divided by a(-5)?
9
Let y = 9246 + -8355. Calculate the remainder when y is divided by 2.
1
Suppose -u - 5*b + 470 = 2*u, -454 = -3*u - b. Let r = 88 - 24. Let n = u - r. What is the remainder when n is divided by 30?
26
Let o(b) = b**2 + 57*b + 640. Suppose w = 5*w - 8. Let k = 13 + w. Calculate the remainder when k is divided by o(-15).
5
Calculate the remainder when (60/(-24) - 135/(-18)) + 5434 is divided by 16.
15
Suppose -2*h + 303 - 293 = 0. Suppose 5*m = 22 + 198. Calculate the remainder when m is divided by h.
4
Suppose -2*k + 0*k - 20 = -4*c, 0 = -4*k - c + 5. Suppose -2*r + 233 - 163 = k. Calculate the remainder when 94 is divided by r.
24
Suppose i + 138 = 4*i. Let m be -87*(-6)/(-21) + 2/(-14). Let y = m + i. Calculate the remainder when y is divided by 8.
5
Suppose 5840 = 350*a - 55060. Let g(c) = -1 + 0 - 1 - 2*c + 5*c**2. What is the remainder when a is divided by g(-2)?
20
Suppose 0 = 10*d + 5*n - 85, -5*d + 32*n = 33*n - 35. What is the remainder when 175 is divided by d?
1
What is the remainder when 2077 is divided by ((-10)/2 - -16)*1?
9
Let g = 4046 - 4021. Calculate the remainder when 392 is divided by g.
17
Suppose 10*y - 360 = -2*y. Let k = 656 - 344. Let g = k + -195. Calculate the remainder when g is divided by y.
27
Suppose -278*p - 1008 = -609*p + 283*p. Calculate the remainder when 10660 is divided by p.
13
Suppose 0 = -135*r + 44577 + 5508. Calculate the remainder when r is divided by 19.
10
Let z(o) = 2*o**2 + 181*o - 236. Calculate the remainder when 17599 is divided by z(-92).
39
Calculate the remainder when ((-256)/12)/(1/12*-4) is divided by 9/2*64/12.
16
Suppose 9*p + 10 = 388. Suppose 18*s - 20*s = -p. What is the remainder when 209 is divided by s?
20
Suppose 64*k - 124 = 33*k. Suppose -u - 5 = -2*u. Suppose 30 = -u*l + 95. Calculate the remainder when l is divided by k.
1
Let i(g) = -35*g - 123. Let h be i(-36). Suppose -106 = -11*m + h. Calculate the remainder when m is divided by 29.
26
Suppose -30*w - 371 = -31*w. Calculate the remainder when w is divided by 62.
61
Calculate the remainder when 22/(-33)*3270/(-4) is divided by 39.
38
Let u = -101 + 126. Suppose -u*a - 28 = -29*a. What is the remainder when 0 + 42 - (-2)/(-2) is divided by a?
6
Suppose -5*v = -157 - 1083. Suppose v = -69*y + 71*y. Let o = -26 + y. Calculate the remainder when o is divided by 33.
32
Calculate the remainder when 4/10 - (-486)/10 is divided by 7/42*(-8 + (-3 - -89)).
10
Let s be 57/19 + (2/2 - 28). Let n(r) = -r**2 - 31*r - 153. What is the remainder when 28 is divided by n(s)?
13
Let k = 9869 + -2528. Calculate the remainder when k is divided by 16.
13
Let f = 39 - 16. What is the remainder when f is divided by (7 + -8)*-12 - -7?
4
Suppose -3*g - c + 730 = 0, 2*g + 150 - 665 = 5*c. Suppose g*m = 247*m - 54. Calculate the remainder when 240 is divided by m.
24
What is the remainder when 2*(4518/36 - 18) is divided by 207?
8
Let v = 8876 + -8084. What is the remainder when v is divided by 57?
51
Let h = 1990 - 480. Calculate the remainder when h is divided by 7.
5
Calculate the remainder when 12403 is divided by (1749/424)/((-2)/(-16)).
28
Let i(m) = -m**3 - m**2 - 4. Let h = 402 - 643. Let f = h + 249. Calculate the remainder when i(-4) is divided by f.
4
Let l(d) = -d**3 - 23*d**2 + 40*d - 8. Let w be l(-25). Suppose 0 = -28*c + 39*c - w. What is the remainder when c is divided by 17?
5
Suppose -528*k = -553*k - 63 + 413. Calculate the remainder when 1061 is divided by k.
11
Suppose 5*s - 413 = -4*c, 411 = 4*c - 0*c + 3*s. What is the remainder when 390 is divided by c?
84
Let t(c) = 18 - c - c**2 + 11*c - 11*c - 12*c. Let x be t(-14). Suppose m = 4*z + 61, 4*m - x*z - z = 244. Calculate the remainder when m is divided by 31.
30
Let g(h) = -h**2 - 21*h - 63. Suppose 11*b - 4*b - 763 = 0. Calculate the remainder when b is divided by g(-16).
7
Suppose 17*s + 316 - 1064 = 0. Suppose -33 = -5*d + 27. What is the remainder when s is divided by d?
8
Suppose 556*p + 85701 + 34527 = 599*p. What is the remainder when p is divided by 20?
16
Suppose y = -y + 96. Suppose -58*v + 35*v = -46. Suppose 0 = -t - 5*a + 13, -v*t + a = -y - 11. What is the remainder when t is divided by 6?
4
Suppose -51 = -4*j + 3*b, 2*j + 4*b - 13 - 7 = 0. Suppose 5*t + 5*y = 230, -y = 3*y - j. Calculate the remainder when t is divided by 11.
10
Suppose -319*s = -330*s + 517. Suppose -3*g = 9, -2*f - 2*g + 3*g = -s. What is the remainder when f is divided by 5?
2
Let f = -32 + 30. Let q = f - 3. Let v(a) = -a**3 - 5*a**2 - 3*a + 11. What is the remainder when v(q) is divided by 7?
5
Let v = -268 + 273. Suppose v*z + 13 = 28. What is the remainder when 5 is divided by z?
2
Suppose 93*n + 80 = 95*n. What is the remainder when 2636 is divided by n?
36
Let s(l) = 1940*l - 3443. What is the remainder when s(10) is divided by 76?
73
Suppose 28*g - 32*g + 2*u = -67940, -4*g - 3*u = -67980. What is the remainder when g is divided by 236?
233
Let r(w) = -w**2 + 9*w + 1. Let d be 32/(-10)*(-665)/(-14). Let n = d - -225. What is the remainder when n is divided by r(7)?
13
Suppose 2*w + 3*t - 17 = 0, t - 62 = -0*w - 5*w. Suppose 212*g + 138 = 215*g. What is the remainder when g is divided by w?
7
Suppose 965*h + 21004 = 1201*h. What is the remainder when h is divided by 6?
5
Let h be (-3 + (-16)/(-4))*(249 + -2). Let g = -156 + h. Calculate the remainder when 175 is divided by g.
84
Suppose 37*m - 40*m = -105. What is the remainder when 589 is divided by m?
29
Suppose -10*l = 3*v - 7*l - 1386, -3*v + 1386 = -2*l. Calculate the remainder when 1/((-4)/(-14) + (-111)/v) is divided by 15.
7
Suppose 92*n - 31*n - 15336 = 26693. Calculate the remainder when n is divided by 119.
94
Let w = 303 - 170. Let c(f) = -27*f + 7. Suppose 4*p + 3*y = 7*y - 8, -3*p - 2 = y. What is the remainder when w is divided by c(p)?
31
Suppose -5*f = 3*k - 673, -3*k + 211 = -2*k - 5*f. Let d = -185 + k. What is the remainder when d is divided by 19?
17
Suppose -432*v = -421*v. Calculate the remainder when 126 is divided by ((-94)/(-235))/(v + (-2)/(-290)).
10
Suppose 4*l - 2*t = -l + 7, 0 = 4*l + 4*t. Let q(z) = -1761*z - 1727. What is the remainder when l - 498/(3*-1) is divided by q(-1)?
31
Let y(k) = k**3 + 15*k**2 + 15*k - 7. Let t be y(-13). Suppose t - 331 = -3*n. What is the remainder when 386 is divided by n?
61
Suppose -5528 - 16117 = -117*t. Let i = 60 + -95. Let d = i + 66. Calculate the remainder when t is divided by d.
30
Suppose -20 = 2*n - 6*n. Let f be (0 + (-4)/(-2))*15/(-6). What is the remainder when 1/(1/(-2))*f is divided by n?
0
Suppose 8*v - 202 = 3*v - 2*b, -4*b = -2*v + 52. Calculate the remainder when 179 is divided by v.
27
Suppose -4*k - 7*l + 20 = -2*l, 2*k - l + 4 = 0. Suppose -80 = -3*p + 3*g - 2, k = -3*g - 12. Calculate the remainder when 57 is divided by p.
13
Let w(b) be the third derivative of -1/120*b**6 + 17*b**2 + 7/60*b**5 - 11/24*b**4 + 0*b + 3/2*b**3 + 0. What is the remainder when 18 is divided by w(5)?
2
Let w be ((1 - 5) + 5)/((-1)/219). Let a = w - -372. What is the remainder when a is divided by 32?
25
Let o = -3950 + 4249. What is the remainder when o is divided by 20?
19
Suppose o = 4*l + 422, -9*l = -2*o - 8*l + 844. Let p = 397 + -344. What is the remainder when o is divided by p?
51
Suppose -28261 - 3730 = -95*j + 689. What is the remainder when j is divided by 82?
16
Let p(w) = -18*w - 26. Suppose 12*z - 15 = 7*z - 5*h, -3*z - 2*h + 4 = 0. Suppose 5*i - i 